k)?
6
Let g = -5 + -104. Let u = 217 - g. What is the hundreds digit of u?
3
Suppose 21 - 69 = -4*k. Suppose k*j + 2*j = 4564. What is the hundreds digit of j?
3
Let n = 7118 + -4160. Let a be (-2)/21*3 - n/(-14). Let k = 497 - a. What is the hundreds digit of k?
2
Suppose -3*g + 4*g = -l + 6, 0 = l - 2*g. Suppose -4*c = k + l*k - 2423, -k - 3*c + 478 = 0. What is the hundreds digit of k?
4
Suppose 5*m - 417342 = -12*l, 4*m + 79487 = 2*l + 9959. What is the ten thousands digit of l?
3
Let j(m) = -m**2 - 10*m - 21. Let c be j(-5). Suppose -4*i + 928 = -c*z, 6*i - 2*i - 904 = -2*z. What is the tens digit of i?
2
Suppose -42*j + 24*j + 90 = 0. Let c = 8 - 4. Suppose -66 = -5*s - c*v, 10*v = j*s + 5*v - 75. What is the units digit of s?
4
Suppose -1150290 - 307235 = -163*o + 1822035. What is the tens digit of o?
2
What is the thousands digit of (-589)/152 + 4 + 34935/8?
4
What is the units digit of (1 + (684/8)/3)*(-48)/(-1)?
6
Let k be ((6 - 12) + 17)/1. Let m(u) = 121*u + 252. What is the units digit of m(k)?
3
Let x(v) = v + 2285. What is the thousands digit of x(40)?
2
Suppose 0 = 3*h - 4*i - 24, -4*h = -h + 2*i - 6. Let b be h/22 - (202/22 - 3). What is the units digit of -2*((-15)/b)/(-5)?
1
Suppose -4*m + 24 = -0*m - 2*h, 2*m + h - 20 = 0. Suppose 4*u = m*u - 24. Suppose 3*y - u*y + 33 = 0. What is the tens digit of y?
1
Suppose 3*g - 98133 = 3*x, 15*g - 12*g + x - 98153 = 0. What is the units digit of g?
6
Let g(r) be the second derivative of r**4/4 - 2*r**3/3 + 8*r**2 + r. Let t(n) = -n**3 - 35*n**2 + 42*n + 211. Let k be t(-36). What is the tens digit of g(k)?
1
Let q(y) = -y**2 - 5*y. Let m be q(-5). Suppose m = 4*g + 5*t - 446, -g - 3*t - 321 = -4*g. What is the hundreds digit of g?
1
Let f(h) = -h**3 + 27*h**2 - 4*h - 63. What is the tens digit of f(16)?
8
Let j = -115414 + 166281. What is the units digit of j?
7
Let k = -75360 - -106691. What is the hundreds digit of k?
3
What is the units digit of (3 + -7 - -1620) + (7 - (-28)/(-7))?
9
Suppose 0 = -53*a - 3*a + 6*a + 569550. What is the hundreds digit of a?
3
Let t be (-10 + 14/2)/((-2)/230). Suppose -3*o + 1194 = -t. What is the units digit of o?
3
Let i(p) be the second derivative of 3*p**5/20 + p**4/3 + p**3 - 3*p**2/2 - 254*p. What is the units digit of i(6)?
5
Let c be 204/(-2 + 3 - 0). Let q be ((-2)/6)/(4 + (-812)/c). Let j = 27 + q. What is the tens digit of j?
1
Let u(p) = 31 - 39 + 43*p + 33. What is the tens digit of u(4)?
9
Let h(f) = 31*f**2 + f. Let t be h(3). Let v = t + 10. What is the tens digit of v?
9
Let h = 361 + -8. Let w = 686 - h. What is the hundreds digit of w?
3
Let s(h) = 181*h**2 + 253*h - 8. What is the thousands digit of s(6)?
8
Suppose 2*x + t - 25792 = 11096, 5*x - 4*t - 92246 = 0. What is the ten thousands digit of x?
1
Let f = -19345 + 54994. What is the units digit of f?
9
Suppose 0 = 2*d, -147*d + 269052 = 4*f - 148*d. What is the hundreds digit of f?
2
Suppose 23*s - 21*s - 282 = 0. Let i be 6/48 + s/24. What is the tens digit of 4 + (-4)/i*3 - -47?
4
Suppose -62*h - 62220 = -113*h. What is the tens digit of h?
2
Let n(j) = 7*j**3 - 7*j**2 + 3*j + 5. Let w(v) = -8*v**3 + 9*v**2 - 2*v - 5. Let l(i) = -3*n(i) - 2*w(i). Let b = 13 + -16. What is the units digit of l(b)?
2
Let u(a) = a**2 - 3*a - 40. Let s be u(-6). Suppose -10*r - 20 = -2*k - s*r, 2*r - 16 = -2*k. What is the units digit of k?
6
Let i = -35 + 27. What is the units digit of (-1)/((-2 - i)/(-642))?
7
Let s(h) = 191*h**2 - 10*h - 380. What is the thousands digit of s(-14)?
7
Suppose 96*g - 97*g - 13939 = -2*x, x + 3*g - 6987 = 0. What is the thousands digit of x?
6
Let z be (5 + (4 - 8))/((-4)/(-8)). Suppose 3*b + 78 - 1923 = -5*l, 2*b - 742 = -z*l. Let v = l - 180. What is the tens digit of v?
8
Let j be 203/42 - 5 - 670/12. Let t = j + 182. Suppose 4*r + p + 64 - 631 = 0, r - 5*p = t. What is the hundreds digit of r?
1
Let m be 2/4*350/35. Suppose -1593 = m*t - 8*t. What is the tens digit of t?
3
Suppose -7*x + 3*x + 51 = -3*p, -5*p - 41 = -3*x. Suppose -17*r = -18*r - x. What is the units digit of 33*4/r*-8?
8
Let f be (-705)/10 + 2 + (-9)/6. What is the tens digit of 1 + (190/(-4))/(7/f)?
7
Let b be (-4)/(9 - 5 - 2) + -1120. What is the hundreds digit of (8 + b)/((-4)/2)?
5
Suppose -193*p + 1140996 = -1208239 - 262055. What is the ten thousands digit of p?
1
Let w = 6118 + 16226. What is the hundreds digit of w?
3
Let g = 588 + -555. Suppose 0 = -36*v + g*v + 993. What is the hundreds digit of v?
3
Let k(x) = -3*x**2 + 23*x - 221. Let l be k(24). Let f = -307 - l. What is the tens digit of f?
9
Let d(s) be the second derivative of s - 9*s**2 + 0 + 3/2*s**3. What is the tens digit of d(13)?
9
Let j(r) = 6*r**3 - 32*r**2 + 6*r - 16. What is the thousands digit of j(11)?
4
Let t(c) = c**3 - 4*c**2 + 5*c + 3. Let r be t(2). Suppose 4*k + 2268 = 3*q - 3048, -r*q = -3*k - 8860. What is the units digit of q?
2
What is the ten thousands digit of (-228)/(-6)*(-7)/(105/(-12990))?
3
Let v be (-36750)/(-55) + 2/(-11). Suppose 0*k = 4*k - v. Suppose c - n - k = -2*n, -c + 185 = -5*n. What is the tens digit of c?
7
Let j = -7262 + 13467. What is the hundreds digit of j?
2
Let v(t) be the third derivative of 3*t**6/20 + t**5/15 - 3*t**4/8 + 13*t**3/2 - 121*t**2. What is the tens digit of v(3)?
3
Let j(t) = 966*t**2 + 29*t + 157. What is the units digit of j(-3)?
4
Let a(l) = -l - 1. Let w(p) be the second derivative of -p**4/12 - p**3/3 - 2*p**2 + 13*p. Let z(x) = -a(x) - w(x). What is the units digit of z(-10)?
5
Let f = 283 - 125. Suppose 3*k = f - 638. Let x = k - -224. What is the units digit of x?
4
Suppose -111*x - 325699 = -116*x + l, 0 = 5*x + l - 325681. What is the ten thousands digit of x?
6
Let t(p) = -965*p + 675. What is the thousands digit of t(-6)?
6
Let p(j) = 56*j**3 - 11*j**2 - 9*j + 22. Let b be p(8). Suppose -5*i = 22*i - b. What is the tens digit of i?
3
Let s = -103 + 113. Suppose -s*u + 7*u = -990. What is the tens digit of u?
3
Suppose 4*w - 1233 = i - 262, 5*w - 3*i - 1219 = 0. Let z = w + 174. What is the tens digit of z?
1
Let v = 184 + -182. Suppose h - 2*q - 59 - 129 = 0, -v*q = -5*h + 932. What is the tens digit of h?
8
Let o be (4/3)/(-4)*(-251 + -25). Let k = o - 49. What is the tens digit of k?
4
Let q(r) = 4*r**2 + 1. Suppose 15 + 0 = 5*y - 5*k, 4 = -k. Let w be q(y). Suppose -f = -5*p + 740, 2*p = -4*f + w*f + 296. What is the hundreds digit of p?
1
Let a = -9830 + 17538. What is the units digit of a?
8
What is the units digit of ((-204)/42)/((-23)/51681)?
4
Let b = -13475 - -27878. What is the thousands digit of b?
4
Suppose 44*u - 38*u - 156 = 0. Suppose 2*i = 46 - u. Let c = 67 + i. What is the tens digit of c?
7
Suppose -4*c + 0*y + 14 = y, y + 10 = 4*c. Suppose -12 = -4*v, -c*d - 9 + 0 = -3*v. Suppose 2*m - 10 - 24 = d. What is the tens digit of m?
1
Suppose 17*u + 156 = 56*u. Suppose -f + 812 = -4*x, x - 3185 = -4*f - u*x. What is the hundreds digit of f?
8
What is the hundreds digit of 11493 - 0 - (-7848)/654?
5
Let h be -3 + 5/((-10)/(-6)). Suppose h = 21*n - 20*n - 136. What is the hundreds digit of n?
1
Suppose 4841 = 2*p + o - 67, 4*p - 5*o - 9788 = 0. What is the tens digit of p?
5
Let p = 37157 + -9716. What is the ten thousands digit of p?
2
Let r = 6 + 78. Let l = 98 - r. Let h = l + 18. What is the tens digit of h?
3
Suppose 21*p + 1696 = 37*p. Suppose 115*i - 414 = p*i. What is the units digit of i?
6
Let c(u) = -3*u + 36. Let r be c(-12). Let q = 71 - r. What is the units digit of q*(-2 + -3 - 79)?
4
Let o = -426 + 426. Suppose o = -5*k - 16*k + 7434. What is the units digit of k?
4
Let k be (496/24)/((-4)/6) - 4. What is the tens digit of 2/5 + (195804/k)/(-14)?
0
Suppose -11 - 9 = -5*b, -2 = -2*i + b. Let d(c) = c**2 - 4*c - 3. Let v be d(5). Suppose -i*p + 253 + 209 = 4*z, 226 = v*z + 4*p. What is the units digit of z?
7
Let k(d) = 15*d**2 - 2*d - 1. Let h be k(-2). Let g = h - -281. Suppose -5*v + g = 4*j, -v + 101 = j + 4*v. What is the tens digit of j?
8
Let w be 4/(-1) - (-36)/(-9). What is the hundreds digit of 1 + (w - -12) + 125/1?
1
What is the tens digit of -4*(-1)/2 - (-6829 + -5)?
3
Suppose 4*r - 78208 = 2*y, 117*r - 113*r - 78202 = y. What is the hundreds digit of r?
5
Let j be (14/4 - 0)*36. Suppose p - 117 = j. What is t